pose -2*q = 2*b - 678, 5*q + 1119 + 219 = 4*b. What is the tens digit of b?
3
Let f(t) = -12*t + 47. Let i(l) = -11*l + 48. Let q(y) = 3*f(y) - 2*i(y). What is the units digit of q(-8)?
7
Suppose 16*n - 3210 = -682. What is the tens digit of n?
5
What is the hundreds digit of 163*5/(-2)*(-13 + 11)?
8
Suppose 0 = -3*k - 9 + 12. Suppose -i + 58 = -k. What is the tens digit of i?
5
Suppose 5*i - 3*i = -32. Suppose -100 = 5*o - 5*b, -4*o + 5*b - 50 = -o. Let k = i - o. What is the units digit of k?
9
Let f = -95 - -95. Suppose f = -3*b + 3*r + 843, 0 = -3*b - 0*b - 5*r + 835. What is the units digit of b?
0
Suppose 11*p = 4*p + 4956. Suppose p - 20 = 8*u. What is the tens digit of u?
8
Let b(o) = o - 11. Let p be b(11). Let k(z) = 2*z - 4 + 13 + p*z - 5. What is the units digit of k(7)?
8
Let w = -30 - -32. What is the units digit of (w/10)/((-8)/(-280))?
7
Let d be 175/21 + 2/3. Suppose d*q - 7*q - 184 = 0. What is the units digit of q?
2
Let j = -270 + 566. What is the tens digit of j?
9
Let u(n) = 29*n**2 + 24*n + 65. What is the tens digit of u(-3)?
5
Let s = -98 - -186. Suppose s*y - 89*y + 113 = 0. What is the hundreds digit of y?
1
Suppose 3*r + 5*t = 6*t + 1882, -3*r = -4*t - 1894. What is the hundreds digit of r?
6
Let v be 3 + 2/10*5. Suppose 0 = t - 5*l - 151, 0 = -v*t - t - l + 625. What is the hundreds digit of t?
1
Suppose 2*j - 3*j + 31 = 0. Suppose 0 = 2*s - s - j. What is the units digit of s?
1
Suppose 25*t = -5*t + 39300. What is the thousands digit of t?
1
What is the tens digit of (3 - 4 - 6) + (3099 - -4)?
9
Let m(z) = -4*z + 15*z**2 - 15 - 11*z + z**3 - 5*z. What is the units digit of m(-16)?
9
Let i be 2 + 9 + (4 - 6). Suppose -5*w + 1 + i = 0, -262 = -4*p - 3*w. What is the tens digit of p?
6
Suppose 16 = -4*q + z + 3*z, 2*z = 5*q + 26. What is the units digit of (13 + q + 1)/((-1)/(-4))?
2
Let k be (-6)/(-9) - (-2)/(-3). Suppose -6*p + p + 33 = 4*b, k = p - 1. Suppose 3*l = -b + 43. What is the units digit of l?
2
Let g = 14 - 12. Suppose -j + 1 = 2*n + 2*j, 4 = 2*n + 2*j. What is the units digit of (g - 14/n)*-10?
8
Let v(f) = 50*f + 191. What is the tens digit of v(8)?
9
Suppose 576 = 5*f - f. Let x = f - 83. What is the units digit of x?
1
Suppose 4910 = 4*y - 1850. What is the tens digit of y/91 - (-4)/(-7)?
1
Suppose 4 - 46 = -7*d. Suppose -u + d = -0*u. What is the units digit of u?
6
Suppose -8549 = -15*y + 4411. What is the hundreds digit of y?
8
Let q(r) = -523*r**3 + r**2 + 7*r + 10. What is the units digit of q(-2)?
4
Let w be 2/1*(-1 - -19). Suppose 4*b - 43 = -z, 0 = -2*b - b - 2*z + w. What is the tens digit of b?
1
Suppose -2*y = 5*t + 200, -t - y - 15 = 28. Let o = t + 92. What is the tens digit of o?
5
Let m(q) = -q + 61. What is the units digit of m(-4)?
5
Suppose -3*r + 34 = 5*s - 4*r, -5*s + 14 = 4*r. Let g = -2 + s. Suppose u = -j - 0*u + 4, -g*j + 1 = -u. What is the units digit of j?
1
Let v(d) = 78 + 1 + 10 + d**2 - 15. What is the tens digit of v(0)?
7
Suppose 4*f = 3*t + 8*f - 812, 1350 = 5*t + 5*f. What is the units digit of t?
8
Suppose 5*s - 8 = s. Suppose 2*w + 4*q = -s*w + 200, 0 = -w - 2*q + 51. Suppose j - w = -0*j. What is the tens digit of j?
4
Let h(f) = 3*f**2 + 3*f - 3. Suppose t + 4*t - 4*m + 7 = 0, m = -5*t - 17. Let x be h(t). Let z = 25 - x. What is the units digit of z?
0
Let f(x) = -x**2 + 4*x - x**2 - 2 + x**2 + 1. Let l be f(3). What is the units digit of l + -4 + 31 + 0?
9
Suppose 0 = -3*w - p + 6, -5*w + 8 = -w - 4*p. Suppose 18 = -7*t + 13*t. Suppose t*f + 19 = 4*g + 54, g + w = 0. What is the units digit of f?
9
Let j = 418 - 623. Let y = -20 - j. Suppose -6*c + y = -c. What is the tens digit of c?
3
Let n be (-2)/(-1)*4/8. What is the tens digit of ((-231)/(-21))/(n/1)?
1
Let q = -13 + 7. What is the tens digit of 69 + (-3 - q) - 4?
6
Let h(t) = -7*t**2 - 14*t + 5. Let x be h(6). Let a = 536 + x. What is the hundreds digit of a?
2
Let n be 7 - (-3)/((-6)/4). Suppose n*c - 112 = -3*w - 21, 0 = -w + 5*c + 57. What is the tens digit of w?
3
Let k(c) = -6*c. Let w be k(2). Let y = w + 10. What is the units digit of (6 - 5)/(y/(-46))?
3
What is the hundreds digit of (-1627)/(-8) - (-30)/(-80)?
2
Suppose -770 = -3*b + 1012. What is the tens digit of b?
9
Suppose 33*t - 17945 - 22084 = 0. What is the thousands digit of t?
1
Let v be (2 - 19) + (-1 - 2). Let c = -23 + v. Let j = c - -62. What is the tens digit of j?
1
Let v = 38 - 33. Suppose -3*m + 137 = v. What is the tens digit of m?
4
What is the tens digit of 366817/99 - (-5 + (-94)/(-18))?
0
Let o = -40 - -43. Suppose 4*f + 3*q = 437, -2*f + 69 + 154 = -o*q. What is the tens digit of f?
1
Let m be 0 - 0 - (-6 + 1). Suppose m*j = 26 - 1. Suppose -3 + j = t. What is the units digit of t?
2
Let z(h) = -2 - 60*h + 120*h - 64*h - 12. What is the units digit of z(-5)?
6
Suppose -u + 27 = -45. Suppose -3*z - 4 = -4*z. Suppose -z*a + 3*q + u = 0, 2*a - 16 = -2*q + 20. What is the units digit of a?
8
Let c(y) = 11*y + 4. Let d be c(2). Let h = -22 + d. Suppose v - 41 = h*o, -2*v + 6*v - 142 = 5*o. What is the tens digit of v?
3
Suppose 0 = -73*m + 62*m + 6501. What is the tens digit of m?
9
Let i be 7/2 + -1 + 21/(-14). Suppose 0 = -f + 1 + i. What is the units digit of f?
2
Let i = 119 + -130. Let k(z) be the first derivative of z**3/3 + 4*z**2 - 4*z + 2. What is the tens digit of k(i)?
2
Let u(t) = -t**2 - 6*t - 2. Let j be u(-3). Let b = j + 61. What is the tens digit of b?
6
Suppose 51*t = 33*t + 6030. What is the tens digit of t?
3
Let y = 176 + -126. Suppose -2*u + y + 24 = 0. Suppose -29 = -3*q + u. What is the tens digit of q?
2
Let q = 522 + -183. What is the hundreds digit of q?
3
Suppose 3*h + 0*n = -n + 980, -4*n - 16 = 0. Suppose -4*x = 3*k - h, 2*x + 82 = 3*x + 4*k. What is the units digit of x?
2
Let g(i) = -i**2 - 14*i - 20. Let z be g(-12). Suppose -z*a + 345 = j, j - 456 + 26 = -5*a. What is the units digit of a?
5
Suppose -23 = -3*d + 2*d - 5*m, 2*m - 6 = 0. Suppose 3*z + d = q, -5*q = -z - 2*z - 64. What is the tens digit of q?
1
Let i(j) = 29*j**2 + 33*j - 32. What is the units digit of i(11)?
0
Let h(g) = -g + 2. Let v be h(5). What is the hundreds digit of (18/(-15))/v - 1046/(-10)?
1
Suppose 2*m - m = 163. Let h = m - 113. What is the tens digit of h?
5
Suppose 0 = 2*z - p - 52, 6*z - 4*p = 5*z + 12. Suppose -z = 13*r - 17*r. Let m(v) = v**3 - 7*v**2 + 3*v - 10. What is the tens digit of m(r)?
1
Let z be ((-8)/(-6))/(10/15). Let y(q) = 0*q**2 + 2 + 3*q + 0*q**3 - z*q**3 - 2*q - 4*q**2. What is the units digit of y(-3)?
7
Suppose -13 = y - 43. What is the hundreds digit of (88/(-6))/(-2)*y?
2
Suppose 0 = -484*n + 490*n - 3330. What is the tens digit of n?
5
Suppose 0 = 16*z - 13281 + 1633. What is the units digit of z?
8
Suppose 4*p + 3343 = 4*w + 463, -2*w - 3*p + 1460 = 0. What is the hundreds digit of w?
7
Suppose 2*c + 2 = -5*v - 0*c, 3*v - c = 1. Suppose -2*a - 6 = v, 3*a - 3 = -2*g + 170. What is the tens digit of g?
9
Let b = 38 + -14. Suppose 0 = 3*p - 5*o - 69, -p = 5*o + 2 - 5. Let m = b - p. What is the units digit of m?
6
Let s(u) = u**3 - 21*u**2 - 45*u + 70. What is the tens digit of s(23)?
9
Let m(d) = d**2 + 2*d**2 - 2*d - 4 + 0*d. Let x = 2 + -5. What is the tens digit of m(x)?
2
Suppose 4*r + 2733 = 7*r. What is the units digit of r?
1
Let p be 2/(-6) - (-1235)/(-39). What is the units digit of (p/3)/(12/(-54))?
8
Suppose 0 = 4*a - 1 - 15. Suppose a*y = -2*k + 3*y + 116, y = 0. What is the tens digit of k?
5
Let l = -664 + 2245. What is the tens digit of l?
8
Suppose -v = -4*h + 3430, 4*h + 3*v - 851 = 3*h. What is the hundreds digit of h?
8
Let x(n) be the third derivative of 13*n**5/30 + n**3/6 - 2*n**2. Suppose 0*h + h - 4 = -g, 0 = 4*h + g - 7. What is the units digit of x(h)?
7
Let x = -7 - -112. Suppose 4*q - q = x. Let c = q + 11. What is the units digit of c?
6
Let w = 1002 - 515. What is the hundreds digit of w?
4
Let f(v) = -5*v**3 - v. Let z be f(-1). Suppose 4*g + j = 171, 3*g = z*g + j - 127. What is the units digit of g?
4
Let o(h) = h**2 + 7*h + 20. Let y be o(-8). Let d(b) = -b**3 + 5*b**2 + 7*b - 2. Let a be d(6). Suppose 0*c = a*c - y. What is the units digit of c?
7
Let r = -521 + 916. What is the hundreds digit of r?
3
Suppose -219 = -6*n + 2589. What is the units dig